visor of b and k.
1
Suppose -4*n = -8*n + 68. What is the greatest common divisor of n and 153?
17
Suppose 2*d = -3*d + 65. Calculate the highest common factor of d and 52.
13
Suppose -2*i = i + 6, -v = -3*i - 14. Let y(k) = -k + 2. Let z be y(0). Suppose 6 = c - z*s - 6, -20 = -2*c + 3*s. What is the highest common factor of v and c?
4
Let n(o) = -o + 10. Let x be n(8). Suppose y = 2*p + x*p + 64, 2*y - 4*p - 108 = 0. What is the greatest common factor of 11 and y?
11
Let j(y) = -y**3 + 9*y**2 - 8*y + 6. Let w be j(8). Suppose 2*d + 3*d = -3*k + 30, -24 = -4*d - k. What is the greatest common divisor of w and d?
6
Let b = 69 - 37. Let h(k) = 2*k**2 + 3*k - 4. Let z be h(-4). Calculate the highest common divisor of z and b.
16
Let b = 43 - -187. What is the greatest common factor of 92 and b?
46
Let b = -19 - -40. Let k be (-294)/8*(-5 + 1). What is the highest common divisor of b and k?
21
Suppose -4*a + 7 = -1. Suppose 225 = a*v + v. What is the greatest common divisor of v and 15?
15
Suppose -d - 24 = -5*d. Suppose 2*o - 10 = 3*a - 2*o, -2*o = a - 10. Let v be 0/2 + a + 10. What is the greatest common divisor of v and d?
6
Let z = -13 + 33. Suppose j = 3*k + 6*j + 100, j = 4. Let h be (k/(-30))/((-4)/(-30)). Calculate the highest common factor of h and z.
10
Let t be 4*22/10*10. Suppose x = v + 5, v - 9 = -2*v. What is the greatest common factor of x and t?
8
Let q be 7 + -5 + (1 - -24). Suppose -3*d + 4*h + 116 = 0, d - 4*h = 17 + q. Calculate the greatest common factor of 9 and d.
9
Suppose -2*i + 5*r = -73, 10*i = 6*i + r + 101. What is the greatest common factor of i and 3?
3
Let m be (6/5)/(9/30). Suppose -43 = -4*t - z, -m*z + 2*z = t - 16. Calculate the highest common factor of t and 80.
10
Let j(c) = c**2 - 13*c + 28. Let z be j(12). What is the highest common divisor of 16 and z?
16
Let t(i) = -2*i - 15. Let m be t(-12). What is the greatest common divisor of m and 45?
9
Suppose -29 = -k + 5*n, -k - 2*k + 119 = n. Suppose -2*s - s = -k. Suppose 286 = 10*l - 8*l. What is the greatest common divisor of l and s?
13
Let q(p) = p**3 - p**2. Let w be q(2). Let v be (5 - -28)*w/6. What is the highest common factor of v and 22?
22
Let l be ((1 - 1) + 1)*-14. Let p = 29 + l. Suppose 0 = -c + 5*o + 19 + 1, -4*o = 4*c - 8. Calculate the highest common divisor of p and c.
5
Suppose 41 = 3*s - 229. What is the highest common divisor of 18 and s?
18
Let j(t) = t**3 - 4*t**2 - 4*t - 5. Let s be j(4). Let x = -12 - s. Calculate the highest common divisor of x and 18.
9
Let l be 50/(-20)*(-2)/5. What is the highest common factor of 5 and l?
1
Suppose 0*y = -4*y + 36. Let t = y - 0. What is the greatest common divisor of 6 and t?
3
Let h(d) = 2*d**3 - 10*d**2 + 13*d + 1. Let v be h(4). Calculate the highest common factor of v and 28.
7
Suppose 4*p - 180 = -4*c, 5*p - 182 + 2 = 4*c. Let l = 56 - p. Suppose 3*y = -4*b + 244, 4*y = -0*y - 16. Calculate the greatest common factor of b and l.
16
Let f(j) = -2*j - 2. Let p be f(-4). What is the greatest common factor of p and 4?
2
Suppose 0 = -15*q - 1 + 91. Let f be (16/12)/((-2)/(-99)). Calculate the greatest common factor of f and q.
6
Let v be -1 + 1 + 1 + 0. Let h be v + (-6)/2 - -12. What is the greatest common factor of h and 70?
10
Let i be 12/(-15)*15/(-6). Suppose -i*r = -4*r + 192. What is the greatest common divisor of r and 12?
12
Let b be (-4 + 11 - 1)*2. Calculate the highest common divisor of 3 and b.
3
Suppose 4*u - 5*a + 3 = u, 0 = -4*a. Let z be 20 - u/(3/6). Suppose y - z = -y. Calculate the highest common divisor of 77 and y.
11
Let s be 3 - 1/((-4)/(-8)). Suppose 5*y + s = 151. What is the greatest common divisor of y and 12?
6
Let i(w) = -3*w**3 - 3*w + 3. Let y be i(2). Let r = -15 - y. Suppose 88 = r*n - 8*n. Calculate the greatest common factor of n and 11.
11
Let i = 123 + -63. Suppose 0 = -2*q - 3*q + i. Let g = 240 - 132. What is the highest common factor of q and g?
12
Let i = -10 + 25. Let r be (5 - 1 - -1)*1. What is the highest common divisor of r and i?
5
Let s = -3 - -6. Suppose z - 72 = 3*a, -s*z - a + 192 = -2*a. Suppose -z = -2*d - d. What is the greatest common factor of 3 and d?
3
Suppose -o = -0*o. Suppose d + 4*d - 10 = o. Suppose 14 - d = 2*u. What is the highest common factor of 9 and u?
3
Let m(v) = 2*v**2 - 8*v + 8. Let c be (-112)/(-21) - 2/(-3). Let o be m(c). What is the greatest common divisor of 8 and o?
8
Let c be 1*(2 + -2 + 0). Suppose c = -5*x + 2*x + 3. What is the highest common divisor of x and 9?
1
Suppose 10 = 6*t - t. Let g be t/6 - 1581/(-9). Calculate the greatest common factor of g and 22.
22
Suppose 19 = 3*i - 149. Calculate the highest common divisor of 14 and i.
14
Suppose 34 = 2*f - p + 6*p, 4*p = 4*f - 40. Let t = -3 - -87. Calculate the highest common divisor of t and f.
12
Let k = -430 + 607. Suppose -k = -c - 2*c - 5*w, c - 51 = w. Suppose c = -0*p + 2*p. Calculate the greatest common factor of 3 and p.
3
Let m(h) = h**3 + 11*h**2 + 5*h + 1. Let d be m(-4). Let u = d - 51. What is the greatest common factor of u and 21?
21
Suppose 9 = u - 5*b + 23, 3*b + 18 = 5*u. Suppose 20 = -s + u*s. Let z = 15 + -7. Calculate the highest common factor of z and s.
4
Suppose -16 = 4*q - 8*q. Let b = -14 + 20. What is the highest common factor of b and q?
2
Let f(b) = 5*b - 2. Let s be f(7). What is the greatest common factor of s and 3?
3
Let r be (-14)/(-63) - (-194)/18. Suppose 0 = -4*k + 8, -3*k = -3*m - k + r. Calculate the greatest common factor of 5 and m.
5
Let h = 195 + -60. What is the greatest common divisor of h and 27?
27
Suppose -30 = -2*j + 3*s + 16, 0 = -3*j - 5*s + 31. Let n = -9 + j. What is the highest common factor of 64 and n?
8
Let l = 3 - -7. Suppose -3*z = -2*k - 12, -k + 0*k - 20 = -5*z. What is the greatest common divisor of z and l?
2
Suppose h - 4*h + 225 = 5*o, 0 = 4*h - o - 277. What is the greatest common divisor of 14 and h?
14
Suppose 3*x + 3 = -6. Let w be (24/x)/(-2 - -1). Calculate the greatest common factor of 80 and w.
8
Let o = -1 + 4. Suppose 3*d + 101 = -3*w + 485, 509 = 4*w + o*d. Suppose -v - z + w = 22, -93 = -v + z. Calculate the highest common factor of v and 14.
14
Let d(i) = -i**3 - i + 16. Let m be d(0). Suppose -4*y + m = -4. Calculate the greatest common factor of y and 5.
5
Let d(h) = -h**2 - 1. Let m(j) = 3*j**2 + 4*j + 4. Let v(f) = 2*d(f) + m(f). Let i be v(-4). What is the greatest common divisor of 18 and i?
2
Let p = 86 + -78. Suppose -4*l + 304 = -2*t, 0 = 5*l - 0*t - 3*t - 380. Let k = l - 44. Calculate the highest common divisor of k and p.
8
Suppose -6*r + 89 = -103. Calculate the greatest common factor of r and 4.
4
Let w be 7/(-21)*3*(1 + -89). Suppose 5*o - 10 = 3*o, -3*l - o + 38 = 0. What is the greatest common divisor of l and w?
11
Let r(x) be the second derivative of 7*x**3/6 - 6*x**2 + 2*x. Let i be r(12). What is the highest common factor of 9 and i?
9
Let p be 21 + -5*2/(-5). Suppose 34 = j - p. Calculate the highest common factor of j and 38.
19
Let o = -91 - -146. What is the highest common divisor of o and 11?
11
Suppose -60 = -j - 4*j. Calculate the highest common divisor of j and 12.
12
Suppose 3*l = 4*m + 54, 8 = 2*l - l + 2*m. Let f = 185 + -116. Let i = 104 - f. What is the greatest common divisor of l and i?
7
Let h(i) = -3*i + 5. Let n be h(-4). Suppose 12*o - 17*o + 258 = v, -5*o + v = -252. Calculate the greatest common divisor of o and n.
17
Suppose 3*w - 7*w + 1420 = 0. Suppose -w = -3*g - 139. Suppose -z + 0 = -9. What is the highest common divisor of g and z?
9
Let w be (5 - (-16)/(-3)) + 37/3. Calculate the greatest common divisor of w and 84.
12
Suppose -2*p + 167 = -5*b, 0*b - 4*b = -2*p + 172. Suppose -p = -5*k + k. What is the greatest common factor of 120 and k?
24
Suppose -y - 3 = -2. Let n be (3/((-9)/39))/y. Let v(l) = 3*l - 5. Let z be v(6). What is the highest common factor of z and n?
13
Let i be 0 + 8/(-2) + 3. Let c be 21*(2/(-6))/i. What is the highest common factor of c and 7?
7
Let w = -36 + 64. Calculate the highest common factor of w and 14.
14
Let m(x) = -13*x - 1 - 6 + 2*x - 6*x**2 + x**3. Let f be m(8). Let n be (-3)/(-2)*6/3. Calculate the highest common divisor of n and f.
3
Let d(f) = f**2 + 10*f - 12. Let h be (-1)/2*(18 + 6). Let a